f 997?
9
What is the thousands digit of 56079?
6
What is the thousands digit of 52621?
2
What is the units digit of 136?
6
What is the hundreds digit of 1281?
2
What is the thousands digit of 132024?
2
What is the tens digit of 742?
4
What is the hundreds digit of 715?
7
What is the thousands digit of 1743?
1
What is the hundreds digit of 3224?
2
What is the ten thousands digit of 52456?
5
What is the units digit of 15865?
5
What is the hundreds digit of 11319?
3
What is the units digit of 13442?
2
What is the tens digit of 5986?
8
What is the thousands digit of 9984?
9
What is the units digit of 7648?
8
What is the hundreds digit of 1436?
4
What is the hundreds digit of 469?
4
What is the tens digit of 4513?
1
What is the tens digit of 93?
9
What is the units digit of 1426?
6
What is the thousands digit of 4633?
4
What is the units digit of 4181?
1
What is the units digit of 3849?
9
What is the thousands digit of 9898?
9
What is the hundreds digit of 86701?
7
What is the hundreds digit of 495?
4
What is the thousands digit of 1225?
1
What is the units digit of 1085?
5
What is the hundreds digit of 3050?
0
What is the thousands digit of 6316?
6
What is the hundreds digit of 955?
9
What is the tens digit of 37109?
0
What is the tens digit of 53214?
1
What is the units digit of 1556?
6
What is the ten thousands digit of 17068?
1
What is the units digit of 1686?
6
What is the tens digit of 3173?
7
What is the thousands digit of 2434?
2
What is the ten thousands digit of 23658?
2
What is the units digit of 1?
1
What is the units digit of 102?
2
What is the units digit of 2284?
4
What is the tens digit of 1415?
1
What is the units digit of 225?
5
What is the units digit of 4038?
8
What is the hundreds digit of 2988?
9
What is the tens digit of 8592?
9
What is the hundreds digit of 7434?
4
What is the thousands digit of 5050?
5
What is the ten thousands digit of 22614?
2
What is the units digit of 365?
5
What is the units digit of 2140?
0
What is the tens digit of 2092?
9
What is the units digit of 1085?
5
What is the hundreds digit of 2416?
4
What is the units digit of 53299?
9
What is the tens digit of 5514?
1
What is the hundreds digit of 32654?
6
What is the units digit of 1194?
4
What is the hundreds digit of 24239?
2
What is the tens digit of 137?
3
What is the ten thousands digit of 11038?
1
What is the units digit of 13032?
2
What is the tens digit of 164?
6
What is the thousands digit of 21011?
1
What is the ten thousands digit of 176000?
7
What is the hundreds digit of 26929?
9
What is the hundreds digit of 1213?
2
What is the units digit of 14927?
7
What is the hundreds digit of 2053?
0
What is the tens digit of 1559?
5
What is the thousands digit of 21162?
1
What is the units digit of 673?
3
What is the hundreds digit of 1073?
0
What is the units digit of 836?
6
What is the hundreds digit of 6502?
5
What is the thousands digit of 2681?
2
What is the units digit of 621?
1
What is the thousands digit of 14934?
4
What is the tens digit of 12919?
1
What is the tens digit of 15103?
0
What is the hundreds digit of 2568?
5
What is the hundreds digit of 9907?
9
What is the hundreds digit of 7952?
9
What is the ten thousands digit of 14998?
1
What is the thousands digit of 1219?
1
What is the thousands digit of 9133?
9
What is the units digit of 134732?
2
What is the ten thousands digit of 102808?
0
What is the thousands digit of 4706?
4
What is the units digit of 947?
7
What is the ten thousands digit of 12689?
1
What is the tens digit of 9548?
4
What is the units digit of 680?
0
What is the thousands digit of 14333?
4
What is the hundreds digit of 17060?
0
What is the hundreds digit of 81230?
2
What is the thousands digit of 7943?
7
What is the ten thousands digit of 10582?
1
What is the tens digit of 24936?
3
What is the units digit of 28?
8
What is the thousands digit of 188516?
8
What is the hundreds digit of 2115?
1
What is the hundreds digit of 2599?
5
What is the tens digit of 22139?
3
What is the hundreds digit of 3095?
0
What is the units digit of 140?
0
What is the thousands digit of 25339?
5
What is the thousands digit of 2548?
2
What is the tens digit of 2636?
3
What is the hundreds digit of 80015?
0
What is the units digit of 41062?
2
What is the units digit of 12149?
9
What is the hundreds digit of 3119?
1
What is the hundreds digit of 100242?
2
What is the hundreds digit of 848?
8
What is the tens digit of 3179?
7
What is the units digit of 29900?
0
What is the ten thousands digit of 71108?
7
What is the tens digit of 1763?
6
What is the units digit of 12816?
6
What is the ten thousands digit of 38033?
3
What is the thousands digit of 1603?
1
What is the tens digit of 4524?
2
What is the thousands digit of 4442?
4
What is the tens digit of 30206?
0
What is the tens digit of 80489?
8
What is the hundreds digit of 171?
1
What is the hundreds digit of 1863?
8
What is the ten thousands digit of 187826?
8
What is the tens digit of 653?
5
What is the units digit of 47794?
4
What is the hundreds digit of 191?
1
What is the units digit of 995?
5
What is the hundreds digit of 7681?
6
What is the hundreds digit of 497?
4
What is the tens digit of 2243?
4
What is the thousands digit of 1784?
1
What is the hundreds digit of 3400?
4
What is the thousands digit of 31448?
1
What is the thousands digit of 2827?
2
What is the hundreds digit of 6821?
8
What is the tens digit of 57735?
3
What is the thousands digit of 1588?
1
What is the units digit of 9166?
6
What is the tens digit of 11354?
5
What is the units digit of 657?
7
What is the hundreds digit of 591?
5
What is the thousands digit of 4466?
4
What is the thousands digit of 64108?
4
What is the thousands digit of 1357?
1
What is the hundreds digit of 1696?
6
What is the ten thousands digit of 17007?
1
What is the thousands digit of 19925?
9
What is the tens digit of 437?
3
What is the hundreds digit of 4399?
3
What is the tens digit of 2272?
7
What is the tens digit of 1755?
5
What is the hundreds digit of 12492?
4
What is the hundreds digit of 1426?
4
What is the tens digit of 1165?
6
What is the units digit of 3963?
3
What is the thousands digit of 2473?
2
What is the units digit of 3421?
1
What is the tens digit of 1720?
2
What is the hundreds digit of 1184?
1
What is the hundreds digit of 18437?
4
What is the ten thousands digit of 18028?
1
What is the thousands digit of 4771?
4
What is the hundreds digit of 26983?
9
What is the units digit of 7141?
1
What is the tens digit of 1130?
3
What is the thousands digit of 4315?
4
What is the hundreds digit of 313?
3
What is the tens digit of 893?
9
What is the units digit of 43481?
1
What is the units digit of 5?
5
What is the units digit of 2536?
6
What is the tens digit of 5343?
4
What is the units digit of 4024?
4
What is the tens digit of 2643?
4
What is the tens digit of 7592?
9
What is the tens digit of 19975?
7
What is the thousands digit of 46407?
6
What is the tens digit of 2985?
8
What is the units digit of 10477?
7
What is the tens digit of 139199?
9
What is the units digit of 43642?
2
What is the thousands digit of 10619?
0
What is the ten thousands digit of 95838?
9
What is the units digit of 1885?
5
What is the ten thousands digit of 73427?
7
What is the thousands digit of 7201?
7
What is the tens digit of 4628?
2
What is the ten thousands digit of 18850?
1
What is the units digit of 54399?
9
What is the units digit of 817?
7
What is the tens digit of 314?
1
What is the hundreds digit of 3457?
4
What is the tens digit of 121?
2
What is the tens digit of 1891?
9
What is the units digit of 41021?
1
What is the thousands digit of 5872?
5
What is the tens digit of 325?
2
What is the hundreds digit of 7423?
4
What is the units digit of 9433?
3
What is the thousands digit of 138238?
8
What is the tens digit of 422?
2
What is the hundreds digit of 9018?
0
What is the hundreds digit of 4801?
8
What is the tens digit of 456?
5
What is the ten thousands digit of 32732?
3
What is the ten thousands digit of 22197?
2
What is the tens digit of 135?
3
What is the units digit of 1616?
6
What is the units digit of 68063?
3
What is the units digit of 1822?
2
What is the hundreds digit of 5504?
5
What is the thousands digit of 7370?
7
What is 